 k + 12 = 4*t - 23. Let f = 6 + -4. Suppose 4*c = 3*a + 105, -36 = -f*c + a - 5*a. Calculate the greatest common factor of t and c.
8
Let m(z) = -6*z - 9. Let o be m(-6). Suppose -3*n = 2*n + 2*i, n - 5*i - o = 0. What is the greatest common factor of 5 and n?
1
Let s = 5 - -11. Suppose -m + 3 + 1 = 0. Let x be (-1)/(-2) + 30/m. What is the greatest common divisor of s and x?
8
Let r(u) = u**3 - 11*u**2 + 22*u - 9. Let a be r(9). Calculate the highest common divisor of 45 and a.
9
Suppose 0 = -4*v + 149 + 191. Let a be 273/(-2)*4/(-3). Suppose 0 = 5*b + 3*y - a, y - 5*y - 86 = -3*b. Calculate the highest common divisor of b and v.
17
Let r be (-668)/(-16) - (-2)/8. Suppose -b + 4*b = r. What is the highest common factor of 21 and b?
7
Let r be (15*1)/(3 + -2). Suppose -5*b = a - r, b + 0*b = -a + 27. What is the greatest common factor of 6 and a?
6
Let q(h) = h**3 - 6*h**2 - 7*h + 3. Let y be q(7). Suppose y*l - l = -i + 9, 2*i = -l + 12. Calculate the greatest common factor of l and 8.
2
Let t be 843/12 + 2/(-8). Let w(u) = -u**2 + 8*u - u + 5*u - 7. Let v be w(7). Calculate the highest common divisor of v and t.
14
Suppose 0*x + 77 = u + 2*x, -4*x - 271 = -3*u. Suppose 4*r = 34 + 102. What is the greatest common divisor of u and r?
17
Let i(r) = 18*r + 2. Let p(b) = -37*b - 3. Let s(m) = -5*i(m) - 3*p(m). Let x be s(1). Calculate the highest common factor of x and 30.
10
Let w = -4 + 6. Let s be w/(-3)*(0 + -21). What is the highest common divisor of 112 and s?
14
Let j = -143 + 146. Suppose 0 = y - 0 - 3. What is the highest common factor of y and j?
3
Suppose j - 5*l = -0*j + 10, 2*l + 82 = 3*j. Calculate the highest common factor of 12 and j.
6
Let i(x) = -x**3 - 9*x**2 - x + 7. Let a be (-5*1)/(2/4). Let m be i(a). What is the greatest common divisor of m and 13?
13
Let n be (2 - (-35)/(-15))*-165. What is the greatest common divisor of n and 11?
11
Let j = -105 + 258. What is the highest common factor of 17 and j?
17
Suppose 4*y - 35 = -2*p + 9, -p + 3*y + 47 = 0. Calculate the greatest common divisor of p and 24.
8
Let o = -36 + 8. Let j = 51 - 2. Let c = j - o. What is the highest common factor of c and 11?
11
Suppose 3 = -2*i + 3*i. Suppose 0 = i*f + 1 - 298. What is the greatest common factor of f and 9?
9
Let v(w) = w**2 + 11*w + 12. Let i be v(-10). What is the greatest common divisor of 14 and i?
2
Let j = 7 + -2. Let u(v) = v**2 - 6. Let h be u(j). Calculate the highest common divisor of h and 95.
19
Let p = -43 - -4. Let h = 63 + p. Calculate the highest common factor of 60 and h.
12
Let n be ((-18)/21)/(2/742). Let q be (-1)/(-2) - n/4. Suppose -q = -0*k - 4*k. Calculate the highest common factor of 8 and k.
4
Let o be 14/(-7)*37/(-2). Suppose 4*d = -u + 47, 0 = 4*d - 2*u - o - 1. What is the highest common divisor of 99 and d?
11
Suppose -24 + 2 = -2*z. Suppose -2*j + 224 = 4*d, 0 = 5*d + 4*j - 2*j - 279. Calculate the greatest common factor of d and z.
11
Suppose 9 - 10 = -j. Calculate the highest common factor of j and 19.
1
Let g be 12/(-24) + 209/2. Calculate the greatest common divisor of 26 and g.
26
Suppose 3*c = -4*o + 1044 - 118, -c = -3*o + 688. Suppose -20 = -5*i + o. Calculate the highest common divisor of 20 and i.
10
Let i = 73 - 31. What is the greatest common divisor of 14 and i?
14
Suppose l = 0, -l = 3*z + 2*z - 60. Calculate the highest common divisor of 108 and z.
12
Suppose 2*o = 11 + 45. Suppose -t - q + 62 = 0, -3*t + o + 162 = q. Calculate the highest common divisor of t and 8.
8
Suppose -3*h = 2*h - 220. Calculate the highest common factor of 11 and h.
11
Let y be 1/(-2)*6 - -5. Suppose 0 = 4*h - 5*a, 0 = y*a + 3*a. Let o(v) = v**3 + 6. Let n be o(h). Calculate the highest common factor of 3 and n.
3
Suppose -27 = 12*y - 13*y. Calculate the highest common divisor of y and 18.
9
Let n(q) = 147*q + 5. Let c be n(1). Calculate the greatest common factor of c and 19.
19
Let n be -24*(9/(-6) - -1). Suppose n = -4*p + 6*p. Let z be (-9)/(-2)*20/p. What is the highest common factor of z and 5?
5
Let d(q) = 3*q**2 + 2. Let i be d(-5). Let c be 55/(-3 + (-1 - -3)). Let j = i + c. Calculate the highest common factor of 2 and j.
2
Let p = 7 + -2. Suppose -2*c - p*u = -0*u - 10, 4*c - 20 = u. Suppose -4*r + 235 = -o, 4*o - c*o = -2*r + 115. Calculate the highest common divisor of r and 6.
6
Suppose -u - o - 4 = -13, 3*o = -5*u + 47. Let j(p) = -p**3 + 3*p**2 + 3. Let b be j(-3). Let s = -7 + b. Calculate the highest common divisor of s and u.
10
Let s(n) = -n - 2. Let i be s(-6). Suppose 0 = b - i + 3. Let p = 16 - 14. What is the highest common divisor of p and b?
1
Suppose i + i + 260 = 0. Let p = i - -8. Let k be p/(-10) - 1/5. What is the greatest common factor of k and 30?
6
Let w(o) = o**3 + 7*o**2 + 5*o - 5. Let u be w(-6). Let p = -539 + 548. What is the greatest common divisor of u and p?
1
Let p be 2/(-2)*(1 - 67). Suppose -s = 4*s - 1320. Suppose -5*y - y + s = 0. What is the highest common divisor of y and p?
22
Let l be ((-3)/4)/((-3)/132). Let r(v) = v**2 + v + 22. Let d be r(0). What is the highest common divisor of l and d?
11
Suppose 0 = 2*i - 4*i + 196. Suppose 4*j = 3 + 1, 5*f - 2*j = i. What is the highest common divisor of f and 8?
4
Let p(n) = -11*n + 1. Let j be p(-2). Let h be 1 + (-3)/(-3)*j. Let m be 110/7 - (-12)/42. Calculate the greatest common factor of h and m.
8
Let f be ((-8)/(-12) - 1)/((-3)/27). Calculate the greatest common factor of 39 and f.
3
Let j be 1 - 24/15 - (-432)/20. Calculate the greatest common divisor of j and 315.
21
Suppose -5*r = -3*r - 2. Let v(l) = -l**3 - 19*l**2 - 19*l - 17. Let h be v(-18). Calculate the highest common factor of h and r.
1
Let p(s) = -42*s - 154. Let a be p(-5). Let o = -13 + 21. Calculate the highest common factor of o and a.
8
Suppose 5*r + 240 = 9*r. What is the greatest common factor of r and 24?
12
Suppose 0 = -h + 5*h - 8, -2*l - 3*h = -32. Suppose -4*x - 28 = -2*x. Let o be (-26)/((-10)/x + -1). What is the greatest common divisor of l and o?
13
Let y = 51 - 33. Let u be 9*(1 + (-2)/3). Suppose u*g - 2*l = 26, -3 = -4*g + 4*l + 37. What is the highest common divisor of g and y?
6
Suppose 4*p = 2*p - 4*i + 34, 6 = -2*p + 4*i. What is the greatest common factor of p and 1?
1
Let l(g) = 4*g + 78. Let a be l(-8). Calculate the highest common divisor of a and 184.
46
Let g = 133 + -119. Calculate the greatest common factor of g and 28.
14
Let s(l) = 91*l + 13. Let b be s(5). Calculate the greatest common factor of b and 52.
52
Let t(d) = -d + 7. Let v be t(-8). Suppose 2*b - 340 = -2*b. Suppose -515 - b = -5*c. What is the greatest common divisor of v and c?
15
Let s be 3/((-3)/9*-1). What is the greatest common divisor of 18 and s?
9
Let r = 20 + -9. Suppose 4*s - 7*s + 99 = 0. Calculate the greatest common divisor of r and s.
11
Let s be (0/5)/(2*1). Let c(n) = n. Let i be c(2). Let w = s + i. What is the greatest common factor of 18 and w?
2
Let p(x) = 2*x**2 - 13*x + 8. Let b(v) = -5*v - 2. Let d be b(-2). Let m be p(d). What is the highest common factor of m and 8?
8
Let r(m) = -m**2 - 5*m + 3. Let s be r(-5). Suppose 3*u + 9 = 0, 0 = -f - u + 2 + s. Let v = 0 + 1. What is the greatest common divisor of v and f?
1
Let m be (-3)/5 + (-234)/(-15). Suppose -i = -3*f - 2 - m, -i + 2*f = -14. Calculate the greatest common divisor of i and 88.
8
Let a(l) = 16*l**3 + l**2. Let y be a(1). Calculate the highest common divisor of 17 and y.
17
Suppose 2*t = -5 + 21. What is the greatest common factor of 72 and t?
8
Let z = 24 - 20. Calculate the greatest common factor of z and 44.
4
Suppose u + 144 = 5*u. Calculate the highest common factor of u and 4.
4
Let h(k) = k**3 - k**2 + 8*k - 4. Let m = 5 - 0. Let w be h(m). Suppose y + w = 5*y. Calculate the greatest common factor of y and 85.
17
Let j be (-156 + -9)*2/(-6). Calculate the highest common divisor of 22 and j.
11
Let f(p) = 2*p - 6. Let b be f(4). Let j be b + (1 - (-6)/(-3)). Suppose -s + 3*s - 16 = 0. Calculate the highest common factor of j and s.
1
Let j be (9/(-4))/((-63)/840). Calculate the highest common divisor of 50 and j.
10
Let a(r) = r**2 + r - 2. Let s be a(0). Let v be (-159)/s + 7/14. Calculate the highest common divisor of v and 16.
16
Suppose -9*n = -411 - 2154. Cal